 3, 11, 67, 2557
List the prime factors of 241991074.
2, 13, 1213, 7673
What are the prime factors of 577402307?
16417, 35171
List the prime factors of 135268089.
3, 11, 4099033
What are the prime factors of 216045730?
2, 5, 823, 26251
List the prime factors of 14087829.
3, 7, 670849
What are the prime factors of 656355983?
656355983
What are the prime factors of 230133287?
41, 677, 8291
List the prime factors of 298640551.
11, 149, 182209
What are the prime factors of 2250936137?
19, 118470323
What are the prime factors of 21529446?
2, 3, 17, 211073
What are the prime factors of 202393405?
5, 149, 317, 857
What are the prime factors of 42832208?
2, 41, 65293
What are the prime factors of 295242410?
2, 5, 29524241
What are the prime factors of 128400822?
2, 3, 11, 19, 31, 367
List the prime factors of 33547228.
2, 11, 13, 223, 263
What are the prime factors of 212150026?
2, 11, 876653
List the prime factors of 136983853.
43, 53, 60107
What are the prime factors of 20693773?
1237, 16729
List the prime factors of 52799982.
2, 3, 8799997
What are the prime factors of 307953056?
2, 9623533
What are the prime factors of 928011388?
2, 1721, 134807
List the prime factors of 883447611.
3, 294482537
List the prime factors of 123106658.
2, 61553329
List the prime factors of 20930582.
2, 41, 255251
List the prime factors of 4894611.
3, 1631537
What are the prime factors of 24058124?
2, 89, 67579
What are the prime factors of 11561320?
2, 5, 289033
List the prime factors of 1435727391.
3, 7, 37, 107, 2467
What are the prime factors of 1007731208?
2, 11, 29, 394879
List the prime factors of 2148016954.
2, 1074008477
List the prime factors of 3076815179.
19, 23, 37, 139
What are the prime factors of 316721781?
3, 17, 97, 21341
What are the prime factors of 28951506?
2, 3, 6619
List the prime factors of 58550653.
7, 8364379
What are the prime factors of 4374505221?
3, 127, 11481641
What are the prime factors of 407733791?
269, 1515739
What are the prime factors of 497983662?
2, 3, 11, 73, 131, 263
List the prime factors of 19708103.
53, 371851
What are the prime factors of 65819023?
65819023
List the prime factors of 4269086.
2, 107, 19949
List the prime factors of 758304379.
7, 108329197
What are the prime factors of 58908393?
3, 6545377
List the prime factors of 950863222.
2, 37, 12849503
What are the prime factors of 28052767?
28052767
List the prime factors of 35545997.
17, 1201, 1741
List the prime factors of 409965163.
409965163
What are the prime factors of 2443252598?
2, 19, 37, 1737733
List the prime factors of 7158630860.
2, 5, 23, 29, 137, 3917
List the prime factors of 58209780.
2, 3, 5, 23, 42181
What are the prime factors of 6031840927?
7, 47, 18333863
What are the prime factors of 554726829?
3, 37, 4997539
List the prime factors of 2250514592.
2, 70328581
What are the prime factors of 67752478?
2, 1489, 22751
What are the prime factors of 194788063?
691, 281893
List the prime factors of 729350942.
2, 16729, 21799
List the prime factors of 186855569.
31, 487, 12377
List the prime factors of 362560834.
2, 181280417
What are the prime factors of 2676726315?
3, 5, 23, 2586209
What are the prime factors of 294218062?
2, 147109031
List the prime factors of 837221438.
2, 43, 271, 35923
List the prime factors of 4227469650.
2, 3, 5, 311, 10069
List the prime factors of 1348606398.
2, 3, 103, 2182211
List the prime factors of 248764336.
2, 31, 263, 1907
List the prime factors of 2120780489.
2120780489
What are the prime factors of 3146378?
2, 1013, 1553
List the prime factors of 78424022.
2, 39212011
What are the prime factors of 11369302?
2, 7, 61, 13313
What are the prime factors of 133498010?
2, 5, 13349801
List the prime factors of 3141998.
2, 1570999
What are the prime factors of 1378226068?
2, 344556517
List the prime factors of 841861729.
841861729
What are the prime factors of 707584527?
3, 13, 6047731
What are the prime factors of 57433367?
3391, 16937
List the prime factors of 1359543500.
2, 5, 7, 71, 5471
List the prime factors of 214176563.
214176563
List the prime factors of 441812866.
2, 11, 1825673
List the prime factors of 443571676.
2, 59, 1361, 1381
What are the prime factors of 44812300?
2, 5, 13, 34471
What are the prime factors of 3073900549?
5743, 535243
List the prime factors of 425099315.
5, 181, 469723
What are the prime factors of 1013213351?
1013213351
List the prime factors of 12033031.
113, 106487
List the prime factors of 192189746.
2, 7, 13727839
List the prime factors of 115465744.
2, 7216609
List the prime factors of 1493107264.
2, 11, 2120891
List the prime factors of 1123638251.
23, 41, 79, 15083
List the prime factors of 98461381.
47, 61, 563
What are the prime factors of 331709835?
3, 5, 22113989
List the prime factors of 69225523.
29, 2387087
What are the prime factors of 461948894?
2, 11, 1097, 19141
List the prime factors of 1505286462.
2, 3, 250881077
List the prime factors of 68819541.
3, 7, 3277121
What are the prime factors of 61252941?
3, 19, 43, 67, 373
List the prime factors of 1281145754.
2, 7, 91510411
List the prime factors of 461374089.
3, 11, 23, 73, 757
What are the prime factors of 2581877557?
7, 17137, 21523
List the prime factors of 437810813.
11, 39800983
What are the prime factors of 40488004?
2, 23, 440087
What are the prime factors of 708302280?
2, 3, 5, 7, 17, 193, 257
List the prime factors of 39282031.
101, 388931
List the prime factors of 719952657.
3, 239984219
What are the prime factors of 60228498?
2, 3, 11, 59, 15467
List the prime factors of 287916712.
2, 35989589
List the prime factors of 1355332209.
3, 7, 11, 97, 8641
What are the prime factors of 1827275088?
2, 3, 113, 336887
List the prime factors of 402516216.
2, 3, 19, 32693
What are the prime factors of 161471087?
61, 2647067
List the prime factors of 1453005839.
1453005839
List the prime factors of 2584101101.
179, 1163, 12413
What are the prime factors of 175401379?
31, 5658109
List the prime factors of 50571904.
2, 395093
List the prime factors of 342395164.
2, 17, 79, 63737
List the prime factors of 171093052.
2, 13, 479, 6869
List the prime factors of 1598130509.
17, 521, 180437
What are the prime factors of 642119244?
2, 3, 13, 23, 31, 251
List the prime factors of 1573913129.
79, 137, 145423
What are the prime factors of 7928348?
2, 1982087
What are the prime factors of 1036188584?
2, 53, 2443841
What are the prime factors of 2721499788?
2, 3, 7, 4628401
What are the prime factors of 2428516984?
2, 15581, 19483
List the prime factors of 102199479.
3, 47, 727, 997
List the prime factors of 84399218.
2, 42199609
List the prime factors of 79994164.
2, 19998541
List the prime factors of 2917495940.
2, 5, 179, 814943
What are the prime factors of 2404750391?
547, 2063, 2131
List the prime factors of 186785112.
2, 3, 7782713
List the prime factors of 749863537.
89, 8425433
List the prime factors of 229624496.
2, 61, 149, 1579
List the prime factors of 27891198.
2, 3, 1549511
List the prime factors of 1800195232.
2, 11, 5114191
What are the prime factors of 500386569?
3, 89, 1874107
List the prime factors of 885863729.
17027, 52027
List the prime factors of 3751006223.
12781, 293483
What are the prime factors of 2416145267?
131, 18443857
List the prime factors of 1333468255.
5, 7, 31, 47, 79, 331
What are the prime factors of 161833154?
2, 7, 191, 60521
What are the prime factors of 302984784?
2, 3, 2104061
What are the prime factors of 3201264535?
5, 7, 2207, 41443
What are the prime factors of 19903455?
3, 5, 11, 13, 1031
What are the prime factors of 275486319?
3, 71, 131, 1097
What are the prime factors of 690434727?
3, 107, 349, 6163
What are the prime factors of 1124338239?
3, 127, 109297
What are the prime factors of 2180427204?
2, 3, 4027, 45121
List the prime factors of 576140676.
2, 3, 17, 809, 3491
List the prime factors of 231601633.
641, 361313
List the prime factors of 68240519.
977, 69847
List the prime factors of 475877379.
3, 17, 9330929
What are the prime factors of 19480873?
19480873
List the prime factors of 3143156896.
2, 11, 43, 207661
What are the prime factors of 212878965?
3, 5, 13, 1091687
List the prime factors of 328736370.
2, 3, 5, 109, 229, 439
List the prime factors of 1714862433.
3, 31, 41, 